{"id":2678,"date":"2024-10-14T23:40:10","date_gmt":"2024-10-14T16:40:10","guid":{"rendered":"https:\/\/fixmobile.vn\/?post_type=product&#038;p=2678"},"modified":"2025-11-09T08:52:06","modified_gmt":"2025-11-09T01:52:06","slug":"ipad-pro-11-inch-m4-2024-wifi-cellular-256gb","status":"publish","type":"product","link":"http:\/\/fixmobile.vn\/?product=ipad-pro-11-inch-m4-2024-wifi-cellular-256gb","title":{"rendered":"iPad Pro 11 inch M4 2024 Wifi + Cellular 256GB"},"content":{"rendered":"<h3><b>Sang tr\u1ecdng, g\u1ecdn g\u00e0ng, chuy\u00ean nghi\u1ec7p v\u00e0 c\u01a1 \u0111\u1ed9ng<\/b><\/h3>\n<p>S\u1edf h\u1eefu ng\u00f4n ng\u1eef thi\u1ebft k\u1ebf sang tr\u1ecdng, iPad Pro 11 inch M4 2024 c\u00f3 ngo\u1ea1i h\u00ecnh r\u1ea5t l\u00f4i cu\u1ed1n v\u1edbi b\u1ed9 khung v\u1ecf kim lo\u1ea1i si\u00eau m\u1ecfng \u0111\u01b0\u1ee3c ch\u0103m ch\u00fat \u0111\u1ebfn t\u1eebng g\u00f3c c\u1ea1nh. Vi\u1ec7c r\u00fat g\u1ecdn vi\u1ec1n m\u00e0n h\u00ecnh v\u00e0 t\u1ed1i gi\u1ea3n h\u00f3a m\u1ecdi chi ti\u1ebft tr\u00ean th\u00e2n m\u00e1y \u0111\u1ea3m b\u1ea3o \u0111\u1ed9 c\u01a1 \u0111\u1ed9ng khi c\u1ea7m n\u1eafm, thao t\u00e1c v\u00e0 mang theo \u0111\u1ec3 s\u1eed d\u1ee5ng trong nhi\u1ec1u m\u00f4i tr\u01b0\u1eddng kh\u00e1c nhau.<\/p>\n<p>B\u1ea1n s\u1ebd c\u00f3 hai l\u1ef1a ch\u1ecdn m\u00e0u s\u1eafc l\u00e0 \u0110en Kh\u00f4ng Gian v\u00e0 B\u1ea1c, c\u1ea3 hai tone \u0111\u1ec1u r\u1ea5t sang tr\u1ecdng, ph\u00f9 h\u1ee3p v\u1edbi phong c\u00e1ch t\u1ed1i gi\u1ea3n v\u00e0 gi\u00fap iPad Pro 11 inch M4 to\u00e1t l\u00ean v\u1ebb l\u1ecbch l\u00e3m, \u0111\u1eb3ng c\u1ea5p.<\/p>\n<p><img decoding=\"async\" src=\"https:\/\/cdn2.fptshop.com.vn\/unsafe\/564x0\/filters:quality(80)\/Uploads\/images\/2015\/Tin-Tuc\/11\/4\/ipad-pro-11-inch-m4-2024-wi-fi-0.jpg\" alt=\"iPad Pro 11 inch M4 2024 Wi-Fi + Cellular 256GB 2\" \/><\/p>\n<h3><b>\u0110\u1eafm ch\u00ecm v\u00e0o m\u00e0n h\u00ecnh Ultra Retina XDR cao c\u1ea5p<\/b><\/h3>\n<p>V\u1edbi m\u00e0n h\u00ecnh Ultra Retina XDR, iPad Pro 11 inch M4 2024 c\u00f3 th\u1ec3 \u0111\u00e1p \u1ee9ng nh\u1eefng nhu c\u1ea7u \u0111\u1eb7c th\u00f9 v\u1ec1 m\u00e0u s\u1eafc v\u00e0 ch\u1ea5t l\u01b0\u1ee3ng hi\u1ec3n th\u1ecb c\u1ee7a gi\u1edbi thi\u1ebft k\u1ebf \u0111\u1ed3 h\u1ecda ho\u1eb7c s\u00e1ng t\u1ea1o n\u1ed9i dung. S\u1ea3n ph\u1ea9m s\u1eed d\u1ee5ng c\u00f4ng ngh\u1ec7 OLED hai l\u1edbp, \u0111\u1ea1t \u0111\u1ed9 t\u01b0\u01a1ng ph\u1ea3n c\u1ef1c cao l\u00e0 2.000.000:1 v\u00e0 hi\u1ec3n th\u1ecb \u0111\u1ed9 s\u00e1ng 1.600 nit v\u1edbi nh\u1eefng n\u1ed9i dung HDR.<\/p>\n<p>Kh\u00f4ng ch\u1ec9 v\u1eady, Apple c\u00f2n \u0111\u01b0a l\u00ean m\u00e0n h\u00ecnh 11 inch c\u1ee7a iPad Pro M4 2024 nhi\u1ec1u c\u00f4ng ngh\u1ec7 h\u1ed7 tr\u1ee3 hi\u1ec3n th\u1ecb \u0111\u1ed9c quy\u1ec1n. Trong \u0111\u00f3, t\u00ednh n\u0103ng True Tone cho ph\u00e9p thi\u1ebft b\u1ecb t\u1ef1 nh\u1eadn di\u1ec7n \u00e1nh s\u00e1ng t\u1eeb m\u00f4i tr\u01b0\u1eddng \u0111\u1ec3 hi\u1ec7u ch\u1ec9nh m\u00e0u s\u1eafc hi\u1ec3n th\u1ecb, c\u00f2n ProMotion ph\u1ee5 tr\u00e1ch \u0111i\u1ec1u ti\u1ebft t\u1ea7n s\u1ed1 qu\u00e9t m\u00e0n h\u00ecnh linh ho\u1ea1t \u0111\u1ec3 ti\u1ebft ki\u1ec7m pin v\u00e0 \u0111\u1ea3m b\u1ea3o \u0111\u1ed9 m\u01b0\u1ee3t m\u00e0.<\/p>\n<p><img decoding=\"async\" src=\"https:\/\/cdn2.fptshop.com.vn\/unsafe\/564x0\/filters:quality(80)\/Uploads\/images\/2015\/Tin-Tuc\/11\/4\/ipad-pro-11-inch-m4-2024-wi-fi-cellular-3.jpg\" alt=\"iPad Pro 11 inch M4 2024 Wi-Fi + Cellular 256GB 3\" \/><\/p>\n<h3><b>Thay \u0111\u1ed5i cu\u1ed9c ch\u01a1i b\u1eb1ng s\u1ee9c m\u1ea1nh chip M4<\/b><\/h3>\n<p>\u1ea8n b\u00ean trong b\u1ed9 khung v\u1ecf si\u00eau m\u1ecfng v\u00e0 c\u01a1 \u0111\u1ed9ng c\u1ee7a iPad Pro 11 inch M4 2024 l\u00e0 ngu\u1ed3n s\u1ee9c m\u1ea1nh kh\u1ed5ng l\u1ed3 do chip M4 \u0111em l\u1ea1i. B\u1ed9 vi x\u1eed l\u00fd do Apple d\u00e0y c\u00f4ng nghi\u00ean c\u1ee9u c\u00f3 b\u01b0\u1edbc th\u0103ng h\u1ea1ng v\u1ec1 hi\u1ec7u n\u0103ng CPU g\u1ea5p 1.5 l\u1ea7n, \u0111\u1ea1t hi\u1ec7u n\u0103ng k\u1ebft xu\u1ea5t nhanh g\u1ea5p 4 l\u1ea7n so v\u1edbi th\u1ebf h\u1ec7 chip c\u0169.<\/p>\n<p>H\u1ec7 th\u1ed1ng l\u00f5i Neural Engine c\u1ee7a chip M4 gi\u00fap iPad Pro 11 inch M4 \u0111\u1ea1t hi\u1ec7u qu\u1ea3 v\u01b0\u1ee3t tr\u1ed9i trong c\u00e1c t\u00e1c v\u1ee5 AI v\u00e0 h\u1ecdc m\u00e1y. V\u1edbi hi\u1ec7u su\u1ea5t x\u1eed l\u00fd 38 ng\u00e0n t\u1ef7 ph\u00e9p t\u00ednh trong m\u1ed9t gi\u00e2y, thi\u1ebft b\u1ecb ph\u1ea3n h\u1ed3i nhanh nh\u1eefng t\u00e1c v\u1ee5 ph\u1ee9c t\u1ea1p, h\u1ed7 tr\u1ee3 \u0111\u1eafc l\u1ef1c cho gi\u1edbi s\u00e1ng t\u1ea1o n\u1ed9i dung. Ki\u1ebfn tr\u00fac GPU th\u1ebf h\u1ec7 m\u1edbi v\u00e0 c\u00f4ng ngh\u1ec7 d\u00f2 tia t\u1ed1c \u0111\u1ed9 cao b\u1eb1ng ph\u1ea7n c\u1ee9ng l\u00e0 ch\u00eca kh\u00f3a quan tr\u1ecdng \u0111\u1ec3 iPad Pro 11 inch M4 cung c\u1ea5p tr\u1ea3i nghi\u1ec7m gaming \u1ea5n t\u01b0\u1ee3ng.<\/p>\n<p><img decoding=\"async\" src=\"https:\/\/cdn2.fptshop.com.vn\/unsafe\/564x0\/filters:quality(80)\/Uploads\/images\/2015\/Tin-Tuc\/11\/4\/ipad-pro-11-inch-m4-2024-wi-fi-cellular-5.jpg\" alt=\"iPad Pro 11 inch M4 2024 Wi-Fi + Cellular 256GB 5\" \/><\/p>\n<h3><b>T\u1ed1i \u01b0u tr\u1ea3i nghi\u1ec7m v\u1edbi h\u1ec7 \u0111i\u1ec1u h\u00e0nh iPadOS<\/b><\/h3>\n<p>S\u1ef1 k\u1ebft h\u1ee3p nh\u1ecbp nh\u00e0ng gi\u1eefa h\u1ec7 \u0111i\u1ec1u h\u00e0nh v\u00e0 chip M4 t\u1ea1o n\u00ean tr\u1ea3i nghi\u1ec7m m\u01b0\u1ee3t m\u00e0, chuy\u00ean nghi\u1ec7p t\u1ed1i \u0111a. Ng\u01b0\u1eddi d\u00f9ng iPad Pro 11 inch M4 s\u1ebd c\u00f3 \u0111\u01b0\u1ee3c kh\u00f4ng gian l\u00e0m vi\u1ec7c th\u00f4ng minh, v\u1edbi giao di\u1ec7n \u0111\u01b0\u1ee3c b\u1ed1 c\u1ee5c h\u1ee3p l\u00fd, \u0111a nhi\u1ec7m nhi\u1ec1u c\u1eeda s\u1ed5 \u1ee9ng d\u1ee5ng r\u1ea5t d\u1ec5 d\u00e0ng, t\u1eeb \u0111\u00f3 t\u1ed1i \u01b0u h\u00f3a n\u0103ng su\u1ea5t c\u00f4ng vi\u1ec7c c\u1ee7a b\u1ea1n.<\/p>\n<p>Apple \u0111\u00e3 b\u1eaft tay v\u1edbi c\u00e1c nh\u00e0 ph\u00e1t tri\u1ec3n ph\u1ea7n m\u1ec1m nh\u1eb1m t\u1ed1i \u01b0u l\u1ea1i h\u00e0ng tri\u1ec7u \u1ee9ng d\u1ee5ng sao cho \u0111\u1ea1t \u0111\u1ed9 t\u01b0\u01a1ng th\u00edch t\u1ed1t nh\u1ea5t v\u1edbi iPadOS. B\u1ea1n c\u00f3 th\u1ec3 tho\u1ea3i m\u00e1i truy c\u1eadp kho \u1ee9ng d\u1ee5ng Apple Store \u0111\u1ec3 t\u1ea3i v\u1ec1 lo\u1ea1t c\u00f4ng c\u1ee5 n\u1ed5i danh nh\u01b0: Adobe Photoshop, Adobe Lightroom, Final Cut Pro, Procreate Dreams, Logic Pro&#8230;<\/p>\n<p><img decoding=\"async\" src=\"https:\/\/cdn2.fptshop.com.vn\/unsafe\/564x0\/filters:quality(80)\/Uploads\/images\/2015\/Tin-Tuc\/11\/4\/ipad-pro-11-inch-m4-2024-wi-fi-cellular-2.jpg\" alt=\"iPad Pro 11 inch M4 2024 Wi-Fi + Cellular 256GB 8\" \/><\/p>\n<h3><b>M\u1edf kh\u00f3a s\u1ee9c m\u1ea1nh v\u1edbi Apple Pencil Pro<\/b><\/h3>\n<p>V\u1edbi chi\u1ebfc b\u00fat Apple Pencil Pro ra m\u1eaft c\u00f9ng th\u1eddi \u0111i\u1ec3m, iPad Pro 11 inch M4 2024 khai m\u1edf ti\u1ec1m n\u0103ng s\u00e1ng t\u1ea1o v\u00e0 gi\u00fap ng\u01b0\u1eddi d\u00f9ng c\u00f3 c\u00f4ng c\u1ee5 chuy\u00ean nghi\u1ec7p nh\u1ea5t \u0111\u1ec3 vi\u1ebft, v\u1ebd, thi\u1ebft k\u1ebf, ghi ch\u00fa. Ph\u1ee5 ki\u1ec7n n\u00e0y \u0111\u01b0\u1ee3c n\u00e2ng c\u1ea5p \u0111\u1ec3 nh\u1eadn \u0111\u01b0\u1ee3c nh\u1eefng thao t\u00e1c \u0111\u1eb7c th\u00f9 c\u1ee7a ng\u01b0\u1eddi d\u00f9ng nh\u01b0 b\u00f3p ho\u1eb7c g\u00f5 hai l\u1ea7n l\u00ean th\u00e2n b\u00fat, ph\u1ea3n h\u1ed3i ch\u00ednh x\u00e1c \u0111\u1ebfn t\u1eebng pixel tr\u00ean m\u00e0n h\u00ecnh.<\/p>\n<p>C\u00f2n n\u1ebfu b\u1ea1n mu\u1ed1n so\u1ea1n th\u1ea3o v\u0103n b\u1ea3n chuy\u00ean nghi\u1ec7p tr\u00ean iPad Pro 11 inch M4 2024, vi\u1ec7c trang b\u1ecb th\u00eam b\u1ed9 Magic Keyboard l\u00e0 c\u1ef1c k\u1ef3 c\u1ea7n thi\u1ebft. Ngo\u00e0i t\u00e1c d\u1ee5ng b\u1ea3o v\u1ec7 cho thi\u1ebft b\u1ecb, Magic Keyboard c\u00f2n h\u00f3a th\u00e0nh chi\u1ebfc\u00a0 b\u00e0n ph\u00edm \u0111a n\u0103ng khi m\u1edf ra. Ph\u1ea7n k\u00ea tay b\u1eb1ng nh\u00f4m trang nh\u00e3 k\u1ebft h\u1ee3p c\u00f9ng b\u00e0n di chuy\u00ean d\u1ee5ng v\u00e0 h\u00e0ng ph\u00edm ch\u1ee9c n\u0103ng gi\u00fap cho vi\u1ec7c thao t\u00e1c, nh\u1eadp li\u1ec7u v\u00e0 cu\u1ed9n trang r\u1ea5t d\u1ec5 d\u00e0ng.<\/p>\n<p><i>L\u01b0u \u00fd: Apple Pencil Pro v\u00e0 Magic Keyboard l\u00e0 ph\u1ee5 ki\u1ec7n ri\u00eang l\u1ebb, kh\u00f4ng \u0111i k\u00e8m trong h\u1ed9p \u0111\u1ef1ng s\u1ea3n ph\u1ea9m.<\/i><\/p>\n<p><img decoding=\"async\" src=\"https:\/\/cdn2.fptshop.com.vn\/unsafe\/564x0\/filters:quality(80)\/Uploads\/images\/2015\/Tin-Tuc\/11\/4\/ipad-pro-11-inch-m4-2024-wi-fi-cellular-9.jpg\" alt=\"iPad Pro 11 inch M4 2024 Wi-Fi + Cellular 256GB 20\" \/><\/p>\n<h3><b>Quay ch\u1ee5p chuy\u00ean nghi\u1ec7p, video call ch\u1ea5t l\u01b0\u1ee3ng cao<\/b><\/h3>\n<p>H\u1ec7 th\u1ed1ng quay ch\u1ee5p c\u1ee7a iPad Pro 11 inch M4 2024 tr\u00ean m\u1eb7t l\u01b0ng c\u00f3 s\u1ef1 k\u1ebft h\u1ee3p c\u1ee7a camera 12MP v\u00e0 \u0111\u00e8n flash True Tone h\u1ed7 tr\u1ee3 quay video 4K chuy\u00ean nghi\u1ec7p. Ngo\u00e0i ra, camera 12MP g\u00f3c si\u00eau r\u1ed9ng \u0111\u1eb7t \u1edf c\u1ea1nh ngang m\u1eb7t tr\u01b0\u1edbc s\u1ebd \u0111em l\u1ea1i tr\u1ea3i nghi\u1ec7m video call c\u1ef1c t\u1ed1t nh\u1edd s\u1ef1 h\u1ed7 tr\u1ee3 c\u1ee7a ch\u1ee9c n\u0103ng Trung T\u00e2m M\u00e0n H\u00ecnh.<\/p>\n<p>Th\u00eam v\u00e0o \u0111\u00f3, micro chu\u1ea9n studio c\u00f3 kh\u1ea3 n\u0103ng thu ti\u1ebfng v\u00e0 l\u1ecdc t\u1ea1p \u00e2m s\u1eafc n\u00e9t, h\u1ed7 tr\u1ee3 nghe g\u1ecdi t\u1ed1i \u01b0u. H\u1ec7 th\u1ed1ng b\u1ed1n loa ngo\u00e0i ph\u00e2n b\u1ed5 \u0111\u1ec1u quanh th\u00e2n m\u00e1y mang t\u1edbi kh\u00f4ng gian \u00e2m thanh c\u1ef1c \u0111\u1ec9nh trong qu\u00e1 tr\u00ecnh gi\u1ea3i tr\u00ed, xem phim v\u00e0 nghe nh\u1ea1c.<\/p>\n<p><img decoding=\"async\" src=\"https:\/\/cdn2.fptshop.com.vn\/unsafe\/564x0\/filters:quality(80)\/Uploads\/images\/2015\/Tin-Tuc\/11\/4\/ipad-pro-11-inch-m4-2024-wi-fi-8.jpg\" alt=\"iPad Pro 11 inch M4 2024 Wi-Fi + Cellular 256GB 39\" \/><\/p>\n","protected":false},"excerpt":{"rendered":"<p>Sang tr\u1ecdng, g\u1ecdn g\u00e0ng, chuy\u00ean nghi\u1ec7p v\u00e0 c\u01a1 \u0111\u1ed9ng S\u1edf h\u1eefu ng\u00f4n ng\u1eef thi\u1ebft k\u1ebf sang tr\u1ecdng, iPad Pro 11 inch M4 2024 c\u00f3 ngo\u1ea1i h\u00ecnh r\u1ea5t l\u00f4i cu\u1ed1n v\u1edbi b\u1ed9 khung v\u1ecf kim lo\u1ea1i si\u00eau m\u1ecfng \u0111\u01b0\u1ee3c ch\u0103m ch\u00fat \u0111\u1ebfn t\u1eebng g\u00f3c c\u1ea1nh. Vi\u1ec7c r\u00fat g\u1ecdn vi\u1ec1n m\u00e0n h\u00ecnh v\u00e0 t\u1ed1i gi\u1ea3n h\u00f3a m\u1ecdi&#8230;<\/p>\n","protected":false},"featured_media":2679,"comment_status":"open","ping_status":"closed","template":"","meta":{"rank_math_lock_modified_date":false},"product_cat":[388,384],"product_tag":[],"class_list":{"0":"post-2678","1":"product","2":"type-product","3":"status-publish","4":"has-post-thumbnail","6":"product_cat-sua-ipad","7":"product_cat-ipad","9":"first","10":"instock","11":"shipping-taxable","12":"purchasable","13":"product-type-simple"},"_links":{"self":[{"href":"http:\/\/fixmobile.vn\/index.php?rest_route=\/wp\/v2\/product\/2678","targetHints":{"allow":["GET"]}}],"collection":[{"href":"http:\/\/fixmobile.vn\/index.php?rest_route=\/wp\/v2\/product"}],"about":[{"href":"http:\/\/fixmobile.vn\/index.php?rest_route=\/wp\/v2\/types\/product"}],"replies":[{"embeddable":true,"href":"http:\/\/fixmobile.vn\/index.php?rest_route=%2Fwp%2Fv2%2Fcomments&post=2678"}],"wp:featuredmedia":[{"embeddable":true,"href":"http:\/\/fixmobile.vn\/index.php?rest_route=\/wp\/v2\/media\/2679"}],"wp:attachment":[{"href":"http:\/\/fixmobile.vn\/index.php?rest_route=%2Fwp%2Fv2%2Fmedia&parent=2678"}],"wp:term":[{"taxonomy":"product_cat","embeddable":true,"href":"http:\/\/fixmobile.vn\/index.php?rest_route=%2Fwp%2Fv2%2Fproduct_cat&post=2678"},{"taxonomy":"product_tag","embeddable":true,"href":"http:\/\/fixmobile.vn\/index.php?rest_route=%2Fwp%2Fv2%2Fproduct_tag&post=2678"}],"curies":[{"name":"wp","href":"https:\/\/api.w.org\/{rel}","templated":true}]}}