{"id":2457,"date":"2024-10-03T14:54:33","date_gmt":"2024-10-03T07:54:33","guid":{"rendered":"https:\/\/fixmobile.vn\/?post_type=product&#038;p=2457"},"modified":"2025-11-09T08:57:52","modified_gmt":"2025-11-09T01:57:52","slug":"iphone-15-pro-256gb-chinh-hang-vn-a","status":"publish","type":"product","link":"http:\/\/fixmobile.vn\/?product=iphone-15-pro-256gb-chinh-hang-vn-a","title":{"rendered":"Iphone 15 Pro 256GB |Ch\u00ednh h\u00e3ng VN\/A"},"content":{"rendered":"<h1 style=\"text-align: center;\">Iphone 15 Pro<\/h1>\n<h3>Khung v\u1ecf Titan b\u1ec1n nh\u1eb9 v\u00e0 \u0111\u1eb3ng c\u1ea5p<\/h3>\n<p>C\u1ea5u tr\u00fac b\u00ean ngo\u00e0i c\u1ee7a iPhone 15 Pro \u0111\u01b0\u1ee3c s\u1ea3n xu\u1ea5t t\u1eeb Titan &#8211; ch\u1ea5t li\u1ec7u sang tr\u1ecdng v\u1edbi nhi\u1ec1u \u0111\u1eb7c t\u00ednh n\u1ed5i b\u1eadt v\u1ec1 \u0111\u1ed9 b\u1ec1n ch\u1eafc. \u0110\u1ec3 c\u00f3 th\u1ec3 u\u1ed1n cong v\u00e0 t\u1ea1o h\u00ecnh thi\u1ebft b\u1ecb m\u1ed9t c\u00e1c tinh t\u1ebf, quy tr\u00ecnh ch\u1ebf t\u00e1c k\u1ef3 c\u00f4ng \u0111\u00e3 \u0111\u01b0\u1ee3c \u00e1p d\u1ee5ng v\u1edbi r\u1ea5t nhi\u1ec1u c\u00f4ng \u0111o\u1ea1n kh\u00e1c nhau g\u1ed3m: gia c\u00f4ng c\u01a1 kh\u00ed, ch\u00e0 nh\u00e1m, \u0111\u00e1nh b\u00f3ng v\u00e0 phun m\u00e0i.<\/p>\n<p>C\u1ea7m tr\u00ean tay chi\u1ebfc \u0111i\u1ec7n tho\u1ea1i l\u00e0m t\u1eeb ch\u1ea5t li\u1ec7u th\u01b0\u1eddng d\u00f9ng trong ng\u00e0nh h\u00e0ng kh\u00f4ng v\u0169 tr\u1ee5, b\u1ea1n s\u1ebd l\u1eadp t\u1ee9c c\u1ea3m nh\u1eadn \u0111\u01b0\u1ee3c \u0111\u1ed9 nh\u1eb9 nh\u00e0ng m\u00e0 c\u1ee9ng c\u00e1p c\u1ee7a thi\u1ebft b\u1ecb. \u0110\u1eb7c bi\u1ec7t, iPhone 15 Pro c\u00f2n \u0111\u1ea1t kh\u1ea3 n\u0103ng kh\u00e1ng n\u01b0\u1edbc v\u00e0 kh\u00e1ng b\u1ee5i th\u1ef1c s\u1ef1 xu\u1ea5t s\u1eafc, d\u1ec5 d\u00e0ng ho\u1ea1t \u0111\u1ed9ng t\u1ed1t trong nhi\u1ec1u m\u00f4i tr\u01b0\u1eddng kh\u1eafc nghi\u1ec7t \u0111\u1ec3 ph\u1ee5c v\u1ee5 b\u1ea1n su\u1ed1t nhi\u1ec1u n\u0103m.<\/p>\n<p><img loading=\"lazy\" decoding=\"async\" class=\"size-full wp-image-2429 aligncenter\" src=\"http:\/\/fixmobile.vn\/wp-content\/uploads\/2024\/10\/iphone_15-1.jpg\" alt=\"\" width=\"564\" height=\"376\" \/><\/p>\n<p>&nbsp;<\/p>\n<h3>M\u00e0n h\u00ecnh th\u00f4ng minh, hi\u1ec3n th\u1ecb si\u00eau m\u01b0\u1ee3t<\/h3>\n<p>V\u1edbi m\u00e0n h\u00ecnh Super Retina XDR, iPhone 15 Pro s\u1ebd tr\u00ecnh di\u1ec5n tr\u01b0\u1edbc m\u1eaft b\u1ea1n nh\u1eefng khu\u00f4n h\u00ecnh s\u1eafc s\u1ea3o v\u1edbi gam m\u00e0u c\u1ef1c k\u1ef3 s\u1ed1ng \u0111\u1ed9ng. C\u00f4ng ngh\u1ec7 ProMotion s\u1ebd t\u1ef1 \u0111\u1ed9ng \u0111i\u1ec1u ti\u1ebft t\u1ea7n s\u1ed1 qu\u00e9t linh ho\u1ea1t t\u1eeb 1 t\u1edbi 120Hz \u0111\u1ec3 di\u1ec5n \u0111\u1ea1t chuy\u1ec3n \u0111\u1ed9ng m\u01b0\u1ee3t t\u1ed1i \u0111a m\u00e0 v\u1eabn ti\u1ebft ki\u1ec7m n\u0103ng l\u01b0\u1ee3ng.<\/p>\n<p>C\u01a1 ch\u1ebf Dynamic Island l\u00e0 \u0111i\u1ec3m nh\u1ea5n t\u1ea1o n\u00ean s\u1ef1 kh\u00e1c bi\u1ec7t trong thi\u1ebft k\u1ebf t\u1ed5ng th\u1ec3 c\u1ee7a iPhone 15 Pro, \u0111\u1ed3ng th\u1eddi l\u00e0 ch\u1ee9c n\u0103ng quan tr\u1ecdng s\u1ebd gi\u00fap \u00edch cho b\u1ea1n r\u1ea5t nhi\u1ec1u trong qu\u00e1 tr\u00ecnh tr\u1ea3i nghi\u1ec7m thi\u1ebft b\u1ecb, h\u1ed7 tr\u1ee3 h\u1eb9n gi\u1edd, hi\u1ec3n th\u1ecb th\u00f4ng b\u00e1o, c\u1eadp nh\u1eadt t\u1ec9 s\u1ed1 th\u1ec3 thao, ph\u1ea7n tr\u0103m pin \u0111ang s\u1ea1c v\u00e0 h\u1ed7 tr\u1ee3 r\u1ea5t nhi\u1ec1u \u1ee9ng d\u1ee5ng b\u00ean th\u1ee9 ba kh\u00e1c.<\/p>\n<p><img loading=\"lazy\" decoding=\"async\" class=\"size-full wp-image-2425 aligncenter\" src=\"http:\/\/fixmobile.vn\/wp-content\/uploads\/2024\/10\/iphone_151.jpg\" alt=\"\" width=\"564\" height=\"376\" \/><\/p>\n<h3>Hi\u1ec7u su\u1ea5t chuy\u00ean nghi\u1ec7p t\u1ed1i \u0111a c\u00f9ng A17 Pro<\/h3>\n<p>Chip A17 Pro \u0111\u00e1nh d\u1ea5u b\u01b0\u1edbc th\u0103ng ti\u1ebfn quan tr\u1ecdng v\u1ec1 s\u1ee9c m\u1ea1nh c\u1ee7a iPhone 15 Pro. B\u1ed9 vi x\u1eed l\u00fd m\u1edbi s\u1edf h\u1eefu c\u1ea5u tr\u00fac GPU 6 l\u00f5i chuy\u00ean nghi\u1ec7p, mang l\u1ea1i hi\u1ec7u n\u0103ng \u0111\u1ed3 h\u1ecda v\u01b0\u1ee3t tr\u1ed9i ho\u00e0n to\u00e0n c\u00e1c th\u1ebf h\u1ec7 tr\u01b0\u1edbc. C\u00f4ng ngh\u1ec7 d\u00f2 tia t\u1ed1c \u0111\u1ed9 cao b\u1eb1ng ph\u1ea7n c\u1ee9ng nhanh g\u1ea5p 4 l\u1ea7n so v\u1edbi d\u00f2 tia b\u1eb1ng ph\u1ea7n m\u1ec1m v\u00e0 th\u1ec3 hi\u1ec7n tr\u1ea3i nghi\u1ec7m \u0111\u1ed3 h\u1ecda th\u1ef1c s\u1ef1 v\u01b0\u1ee3t tr\u1ed9i.<\/p>\n<p>Ngo\u00e0i ra, 6 l\u00f5i CPU c\u1ee7a A17 Pro c\u0169ng c\u00f3 t\u1ed1c \u0111\u1ed9 nhanh h\u01a1n 10% so v\u1edbi th\u1ebf h\u1ec7 c\u0169. Trong khi \u0111\u00f3, 16 l\u00f5i Neural Engine c\u00f3 th\u1ec3 th\u1ef1c hi\u1ec7n t\u1edbi 35 ng\u00e0n t\u1ec9 ph\u00e9p t\u00ednh m\u1ed7i gi\u00e2y t\u1ea1o \u0111i\u1ec1u ki\u1ec7n \u0111\u1ec3 iPhone 15 Pro x\u1eed l\u00fd trong ch\u1edbp m\u1eaft m\u1ecdi t\u00e1c v\u1ee5 li\u00ean quan \u0111\u1ebfn h\u1ecdc m\u00e1y v\u00e0 AI, \u0111\u1ed3ng th\u1eddi h\u1ed7 tr\u1ee3 \u0111\u1eafc l\u1ef1c trong vi\u1ec7c t\u1ed1i \u01b0u ch\u1ea5t l\u01b0\u1ee3ng \u1ea3nh ch\u1ee5p.<\/p>\n<h3>Camera linh ho\u1ea1t, b\u1eaft tr\u1ecdn m\u1ecdi kho\u1ea3nh kh\u1eafc<\/h3>\n<p><img loading=\"lazy\" decoding=\"async\" class=\"size-full wp-image-2451 aligncenter\" src=\"http:\/\/fixmobile.vn\/wp-content\/uploads\/2024\/10\/iphone_157.jpg\" alt=\"\" width=\"564\" height=\"376\" \/><\/p>\n<p>Tr\u1ea3i nghi\u1ec7m quay ch\u1ee5p c\u1ee7a iPhone 15 Pro gi\u1edd \u0111\u00e2y tr\u1edf n\u00ean ch\u00e2n th\u1ef1c h\u01a1n bao gi\u1edd h\u1ebft v\u1edbi h\u1ec7 th\u1ed1ng 7 ti\u00eau c\u1ef1 \u0111\u01b0\u1ee3c v\u1eadn h\u00e0nh c\u1ef1c k\u1ef3 linh ho\u1ea1t. Ch\u1ec9 c\u1ea7n chuy\u1ec3n \u0111\u1ed5i nh\u1eb9 nh\u00e0ng gi\u1eefa c\u00e1c m\u1ee9c ti\u00eau c\u1ef1, b\u1ea1n c\u00f3 th\u1ec3 d\u1ec5 d\u00e0ng ch\u1ee5p macro, ch\u1ee5p g\u00f3c si\u00eau r\u1ed9ng to\u00e0n c\u1ea3nh ho\u1eb7c zoom tele s\u1eafc n\u00e9t.<\/p>\n<p>H\u1ec7 th\u1ed1ng ph\u1ea7n m\u1ec1m quay ch\u1ee5p tr\u00ean iPhone 15 Pro \u0111\u01b0\u1ee3c thi\u1ebft k\u1ebf \u0111\u01a1n gi\u1ea3n m\u00e0 chuy\u00ean nghi\u1ec7p \u0111\u1ec3 b\u1ea5t c\u1ee9 ai c\u0169ng c\u00f3 th\u1ec3 t\u00ecm hi\u1ec3u v\u00e0 s\u1eed d\u1ee5ng m\u1ed9t c\u00e1ch \u0111\u01a1n gi\u1ea3n m\u00e0 v\u1eabn \u0111\u1ea1t \u0111\u01b0\u1ee3c hi\u1ec7u qu\u1ea3 t\u1ed1t nh\u1ea5t.<\/p>\n<h3>Camera ch\u00ednh 48MP &#8211; b\u01b0\u1edbc nh\u1ea3y v\u1ecdt v\u1ec1 \u0111\u1ed9 chi ti\u1ebft<\/h3>\n<p>S\u1edf h\u1eefu camera ch\u00ednh v\u1edbi \u0111\u1ed9 ph\u00e2n gi\u1ea3i 48MP t\u00e2n ti\u1ebfn, iPhone 15 Pro s\u1ebd mang t\u1edbi cho b\u1ea1n nh\u1eefng khu\u00f4n h\u00ecnh si\u00eau s\u1eafc n\u00e9t v\u1edbi kh\u1ea3 n\u0103ng di\u1ec5n \u0111\u1ea1t m\u00e0u s\u1eafc trung th\u1ef1c, s\u1ed1ng \u0111\u1ed9ng.<\/p>\n<p>\u0110i\u1ec3m \u0111\u1eb7c bi\u1ec7t c\u1ee7a thi\u1ebft b\u1ecb n\u1eb1m \u1edf vi\u1ec7c iPhone 15 Pro c\u00f3 th\u1ec3 nh\u1eadn di\u1ec7n khi b\u1ea1n \u0111\u01b0a m\u00e1y l\u00ean ch\u1ee5p ng\u01b0\u1eddi ho\u1eb7c th\u00fa c\u01b0ng \u0111\u1ec3 k\u00edch ho\u1ea1t ch\u1ebf \u0111\u1ed9\u00a0<b>Ch\u00e2n Dung<\/b>\u00a0ho\u00e0n to\u00e0n t\u1ef1 \u0111\u1ed9ng, sau \u0111\u00f3 thu nh\u1eadn th\u00f4ng tin chi\u1ec1u s\u00e2u b\u1ed1i c\u1ea3nh \u0111\u1ec3 t\u1ea1o hi\u1ec7u \u1ee9ng l\u00e0m m\u1edd tinh t\u1ebf. B\u1ea1n c\u0169ng c\u00f3 th\u1ec3 ch\u1ec9nh c\u00e1c h\u00ecnh \u1ea3nh th\u00f4ng th\u01b0\u1eddng th\u00e0nh \u1ea3nh ch\u00e2n dung ch\u1ec9 v\u1edbi v\u00e0i thao t\u00e1c \u0111\u01a1n gi\u1ea3n trong \u1ee9ng d\u1ee5ng\u00a0<b>\u1ea2nh<\/b>.<\/p>\n<h3>Tr\u1ea3i nghi\u1ec7m m\u1edbi m\u1ebb m\u00e0 n\u00fat T\u00e1c V\u1ee5 mang l\u1ea1i<\/h3>\n<p>N\u00fat T\u00e1c V\u1ee5 l\u00e0 m\u1ed9t t\u00ednh n\u0103ng ho\u00e0n to\u00e0n m\u1edbi m\u1ebb tr\u00ean iPhone 15 Pro. \u0110\u00e2y l\u00e0 l\u1ed1i t\u1eaft \u0111\u1ec3 \u0111i \u0111\u1ebfn ch\u1ee9c n\u0103ng y\u00eau th\u00edch c\u1ee7a b\u1ea1n. Ch\u1ec9 c\u1ea7n m\u1ed9t v\u00e0i thao t\u00e1c thi\u1ebft l\u1eadp ban \u0111\u1ea7u, sau \u0111\u00f3 b\u1ea1n s\u1ebd d\u1ec5 d\u00e0ng b\u1eadt m\u1edf t\u00ednh n\u0103ng m\u00e0 m\u00ecnh l\u1ef1a ch\u1ecdn th\u00f4ng qua thao t\u00e1c nh\u1ea5n v\u00e0 gi\u1eef n\u00fat T\u00e1c V\u1ee5 h\u1ebft s\u1ee9c \u0111\u01a1n gi\u1ea3n.<\/p>\n<p>C\u00e1c ch\u1ee9c n\u0103ng ti\u00eau bi\u1ec3u m\u00e0 b\u1ea1n c\u00f3 th\u1ec3 ch\u1ecdn \u0111\u1ec3 g\u1eafn v\u1edbi n\u00fat T\u00e1c V\u1ee5 bao g\u1ed3m:\u00a0<b>Ch\u1ebf \u0111\u1ed9 Im L\u1eb7ng, T\u1eadp Trung, Camera, \u0110\u00e8n Pin, Ghi \u00c2m, D\u1ecbch, K\u00ednh L\u00fap, Ph\u00edm T\u1eaft\u00a0<\/b>v\u00e0<b>\u00a0Tr\u1ee3 N\u0103ng<\/b>. Trong m\u1ecdi tr\u01b0\u1eddng h\u1ee3p, n\u00fat T\u00e1c V\u1ee5 lu\u00f4n s\u1eb5n s\u00e0ng \u0111\u1ec3 b\u1eadt m\u1edf t\u00ednh n\u0103ng b\u1ea1n \u0111\u00e3 ch\u1ecdn.<\/p>\n<p><img loading=\"lazy\" decoding=\"async\" class=\"size-full wp-image-2424 aligncenter\" src=\"http:\/\/fixmobile.vn\/wp-content\/uploads\/2024\/10\/iphone_15.jpg\" alt=\"\" width=\"564\" height=\"376\" \/><\/p>\n<p>&nbsp;<\/p>\n<h3>C\u1ed5ng USB-C m\u1edbi v\u1edbi t\u1ed1c \u0111\u1ed9 th\u1ea7n t\u1ed1c<\/h3>\n<p>iPhone 15 Pro \u0111\u01b0\u1ee3c trang b\u1ecb c\u1ed5ng k\u1ebft n\u1ed1i USB-C v\u1edbi t\u1ed1c \u0111\u1ed9 truy\u1ec1n t\u1ea3i n\u0103ng l\u01b0\u1ee3ng v\u00e0 d\u1eef li\u1ec7u c\u1ef1c k\u1ef3 \u1ea5n t\u01b0\u1ee3ng &#8211; nhanh h\u01a1n t\u1edbi 20 l\u1ea7n so v\u1edbi c\u1ed5ng k\u1ebft n\u1ed1i c\u1ee7a c\u00e1c d\u00f2ng iPhone tr\u01b0\u1edbc \u0111\u00e2y. C\u1ee5 th\u1ec3, USB-C tr\u00ean thi\u1ebft b\u1ecb \u0111\u1ea1t chu\u1ea9n USB 3 v\u1edbi t\u1ed1c \u0111\u1ed9 10Gb\/s, cho ph\u00e9p sao l\u01b0u c\u00e1c video n\u1eb7ng ch\u1ec9 trong th\u1eddi gian r\u1ea5t ng\u1eafn.<\/p>\n<p><img loading=\"lazy\" decoding=\"async\" class=\"size-full wp-image-2428 aligncenter\" src=\"http:\/\/fixmobile.vn\/wp-content\/uploads\/2024\/10\/iphone_155.jpg\" alt=\"\" width=\"800\" height=\"533\" \/><\/p>\n<p>\u0110\u1eb7c bi\u1ec7t, USB-C c\u00f2n h\u1ed7 tr\u1ee3 ng\u01b0\u1eddi d\u00f9ng t\u1eadn d\u1ee5ng iPhone 15 Pro \u0111\u1ec3 s\u1ea1c ng\u01b0\u1ee3c cho c\u00e1c ph\u1ee5 ki\u1ec7n nh\u01b0 tai nghe AirPods hay \u0111\u1ed3ng h\u1ed3 Apple Watch trong nh\u1eefng tr\u01b0\u1eddng h\u1ee3p c\u1ea7n thi\u1ebft.<\/p>\n<h3>Th\u1eddi l\u01b0\u1ee3ng pin \u1ea5n t\u01b0\u1ee3ng v\u00e0 d\u00e0i l\u00e2u<\/h3>\n<p>D\u00f9 \u0111\u01b0\u1ee3c trang b\u1ecb nhi\u1ec1u ch\u1ee9c n\u0103ng hi\u1ec7n \u0111\u1ea1i m\u1edbi m\u1ebb v\u00e0 s\u1edf h\u1eefu con chip m\u1ea1nh m\u1ebd h\u00e0ng \u0111\u1ea7u, nh\u01b0ng iPhone 15 Pro v\u1eabn \u0111\u1ea1t \u0111\u01b0\u1ee3c th\u1eddi l\u01b0\u1ee3ng tr\u1ea3i nghi\u1ec7m pin c\u1ef1c k\u1ef3 \u0111\u00e1ng n\u1ec3.<\/p>\n<p>V\u1edbi h\u01a1n 23 gi\u1edd xem video li\u00ean t\u1ee5c, chi\u1ebfc \u0111i\u1ec7n tho\u1ea1i cho ph\u00e9p b\u1ea1n tho\u1ea3i m\u00e1i tr\u1ea3i nghi\u1ec7m xuy\u00ean su\u1ed1t m\u1ed9t ng\u00e0y m\u00e0 kh\u00f4ng c\u1ea7n b\u1eadn t\u00e2m nhi\u1ec1u v\u1ec1 v\u1ea5n \u0111\u1ec1 s\u1ea1c pin. \u01af\u1edbc t\u00ednh, th\u1eddi l\u01b0\u1ee3ng xem phim c\u1ee7a iPhone 15 Pro v\u01b0\u1ee3t tr\u1ed9i h\u01a1n iPhone 12 Pro t\u1edbi 6 ti\u1ebfng \u0111\u1ed3ng h\u1ed3.<\/p>\n<p>&nbsp;<\/p>\n","protected":false},"excerpt":{"rendered":"<p>Iphone 15 Pro Khung v\u1ecf Titan b\u1ec1n nh\u1eb9 v\u00e0 \u0111\u1eb3ng c\u1ea5p C\u1ea5u tr\u00fac b\u00ean ngo\u00e0i c\u1ee7a iPhone 15 Pro \u0111\u01b0\u1ee3c s\u1ea3n xu\u1ea5t t\u1eeb Titan &#8211; ch\u1ea5t li\u1ec7u sang tr\u1ecdng v\u1edbi nhi\u1ec1u \u0111\u1eb7c t\u00ednh n\u1ed5i b\u1eadt v\u1ec1 \u0111\u1ed9 b\u1ec1n ch\u1eafc. \u0110\u1ec3 c\u00f3 th\u1ec3 u\u1ed1n cong v\u00e0 t\u1ea1o h\u00ecnh thi\u1ebft b\u1ecb m\u1ed9t c\u00e1c tinh t\u1ebf, quy tr\u00ecnh&#8230;<\/p>\n","protected":false},"featured_media":2442,"comment_status":"open","ping_status":"closed","template":"","meta":{"rank_math_lock_modified_date":false},"product_cat":[15,383,387],"product_tag":[],"class_list":{"0":"post-2457","1":"product","2":"type-product","3":"status-publish","4":"has-post-thumbnail","6":"product_cat-dien-thoai","7":"product_cat-iphone","8":"product_cat-sua-iphone","10":"first","11":"instock","12":"shipping-taxable","13":"purchasable","14":"product-type-variable"},"_links":{"self":[{"href":"http:\/\/fixmobile.vn\/index.php?rest_route=\/wp\/v2\/product\/2457","targetHints":{"allow":["GET"]}}],"collection":[{"href":"http:\/\/fixmobile.vn\/index.php?rest_route=\/wp\/v2\/product"}],"about":[{"href":"http:\/\/fixmobile.vn\/index.php?rest_route=\/wp\/v2\/types\/product"}],"replies":[{"embeddable":true,"href":"http:\/\/fixmobile.vn\/index.php?rest_route=%2Fwp%2Fv2%2Fcomments&post=2457"}],"wp:featuredmedia":[{"embeddable":true,"href":"http:\/\/fixmobile.vn\/index.php?rest_route=\/wp\/v2\/media\/2442"}],"wp:attachment":[{"href":"http:\/\/fixmobile.vn\/index.php?rest_route=%2Fwp%2Fv2%2Fmedia&parent=2457"}],"wp:term":[{"taxonomy":"product_cat","embeddable":true,"href":"http:\/\/fixmobile.vn\/index.php?rest_route=%2Fwp%2Fv2%2Fproduct_cat&post=2457"},{"taxonomy":"product_tag","embeddable":true,"href":"http:\/\/fixmobile.vn\/index.php?rest_route=%2Fwp%2Fv2%2Fproduct_tag&post=2457"}],"curies":[{"name":"wp","href":"https:\/\/api.w.org\/{rel}","templated":true}]}}